{"id":12,"date":"2025-08-13T00:48:59","date_gmt":"2025-08-12T22:48:59","guid":{"rendered":"https:\/\/sublimerestaurante.com\/?page_id=12"},"modified":"2025-09-01T20:41:31","modified_gmt":"2025-09-01T18:41:31","slug":"equipo","status":"publish","type":"page","link":"https:\/\/sublimerestaurante.com\/en\/equipo\/","title":{"rendered":"Equipo"},"content":{"rendered":"\n<div class=\"py-5\">\n                        <div class=\"row no-gutters py-md-5 align-items-center\">\n                            <div class=\"col-md-6 mb-4 mb-md-0 order-md-1\">\n                                <div class=\"container\">\n                                    <div class=\"row \">\n                                        <div class=\"col-md-9 text-gold\">\n                                            <div class=\"pl-md-4\">\n                                                <h2 class=\"valky text-lg letter-spacing-10 mb-md-4 px-3 px-md-0\">CHEF SERGIO D\u00cdAZ<\/h2>\n                                                <div class=\"last-p-mb-0 text-justify px-3 px-md-0\">\n                                                    \n<h3 class=\"wp-block-heading\">GASTRONOM\u00cdA<\/h3>\n\n\n\n<div style=\"height:15px\" aria-hidden=\"true\" class=\"wp-block-spacer\"><\/div>\n\n\n\n<p>So\u00f1ador, amante de la cocina y apasionado por la historia de su pa\u00eds.<\/p>\n\n\n\n<p>El Chef Sergio D\u00edaz cuenta con estudios realizados en Chile, experiencia en Barcelona y Estados Unidos. Lugares que despiertan en \u00e9l el inter\u00e9s de volver a nuestro pa\u00eds a crear, innovar y poner en alto la gastronom\u00eda de una cultura milenaria.<\/p>\n\n\n\n<p>En el a\u00f1o 2019 crea Sublime. Su principal inspiraci\u00f3n para crear cada plato es la historia y el tiempo de la mano de la antrop\u00f3loga Jocelyn Degollado.<\/p>\n\n\n\n<p>A trav\u00e9s de su gastronom\u00eda podemos descubrir sabores de cada rinc\u00f3n de nuestro pa\u00eds y viajar a trav\u00e9s del tiempo escuchando la historia que, sin lugar a duda, hace despertar y contagiar orgullo guatemalteco.<\/p>\n\n                                                <\/div>\n                                            <\/div>\n                                        <\/div>\n                                    <\/div>\n                                <\/div>\n                            <\/div>\n                            <div class=\"col-md-6 order-md-0\">\n                                <img decoding=\"async\" class=\"d-block mw-100 h-auto mr-auto\" src=\"https:\/\/sublimerestaurante.com\/wp-content\/uploads\/2025\/09\/Sublime-PW-Parte-01_02.jpg\" \/>\n                            <\/div>\n                        <\/div>\n                    <\/div>\n                    <div class=\"py-5\">\n                        <div class=\"row no-gutters py-md-5 align-items-center\">\n                            <div class=\"col-md-6 mb-4 mb-md-0 \">\n                                <div class=\"container\">\n                                    <div class=\"row justify-content-end\">\n                                        <div class=\"col-md-9 text-gold\">\n                                            <div class=\"pr-md-4\">\n                                                <h2 class=\"valky text-lg letter-spacing-10 mb-md-4 px-3 px-md-0\">JOCELYN DEGOLLADO<\/h2>\n                                                <div class=\"last-p-mb-0 text-justify px-3 px-md-0\">\n                                                    \n<h3 class=\"wp-block-heading\">ANTROPOLOG\u00cdA<\/h3>\n\n\n\n<div style=\"height:15px\" aria-hidden=\"true\" class=\"wp-block-spacer\"><\/div>\n\n\n\n<p>Antrop\u00f3loga social, mercad\u00f3loga y foodie de coraz\u00f3n.<\/p>\n\n\n\n<p>Jocelyn Degollado cuenta con estudios realizados en las mejores universidades de Guatemala y ha participado en investigaciones de proyectos internacionales.<\/p>\n\n\n\n<p>A finales del 2018 el Chef Sergio le comenta sobre su visi\u00f3n y la invita a ser parte de este proyecto que fusiona la historia y gastronom\u00eda de nuestro pa\u00eds.<br>Para Jocelyn, no hubo otra respuesta m\u00e1s que un &#8220;s\u00ed, acepto&#8221;. As\u00ed es como se unen estas dos mentes maestras para crear el primer restaurante de Guatemala en el que la historia es la inspiraci\u00f3n y la gastronom\u00eda su interpretaci\u00f3n.<\/p>\n\n                                                <\/div>\n                                            <\/div>\n                                        <\/div>\n                                    <\/div>\n                                <\/div>\n                            <\/div>\n                            <div class=\"col-md-6 \">\n                                <img decoding=\"async\" class=\"d-block mw-100 h-auto ml-auto\" src=\"https:\/\/sublimerestaurante.com\/wp-content\/uploads\/2025\/09\/Sublime-Seccio\u2560un-Equipo_03.jpg\" \/>\n                            <\/div>\n                        <\/div>\n                    <\/div>\n                    <div class=\"container-fluid mb-md-5\">\n                        <div class=\"form-row pb-md-5\">\n                            <div class=\"col-md-3 mb-5 mb-md-0\">\n                        <img decoding=\"async\" class=\"d-block w-100 h-auto mb-4\" src=\"https:\/\/sublimerestaurante.com\/wp-content\/uploads\/2025\/10\/Sublime-Seccio\u2560un-Equipo_02.jpg\" \/>\n                        <h2 class=\"valky text-md letter-spacing-10 mb-3 text-center text-gold\">DANIELA PAZ<\/h2>\n                        <div class=\"last-p-mb-0 text-center text-gold\">\n                            \n<h3 class=\"wp-block-heading text-rg\">SOMMELIER<\/h3>\n\n                        <\/div>\n                       <\/div>\n                      <div class=\"col-md-3 mb-5 mb-md-0\">\n                        <img decoding=\"async\" class=\"d-block w-100 h-auto mb-4\" src=\"https:\/\/sublimerestaurante.com\/wp-content\/uploads\/2025\/10\/Sublime-Seccio\u2560un-Equipo_03.jpg\" \/>\n                        <h2 class=\"valky text-md letter-spacing-10 mb-3 text-center text-gold\">LOURDES TOJ\u00cdN<\/h2>\n                        <div class=\"last-p-mb-0 text-center text-gold\">\n                            \n<h3 class=\"wp-block-heading text-rg\">JEFA DE COCINA<\/h3>\n\n                        <\/div>\n                       <\/div>\n                      <div class=\"col-md-3 mb-5 mb-md-0\">\n                        <img decoding=\"async\" class=\"d-block w-100 h-auto mb-4\" src=\"https:\/\/sublimerestaurante.com\/wp-content\/uploads\/2025\/10\/Sublime-Seccio\u2560un-Equipo_05.jpg\" \/>\n                        <h2 class=\"valky text-md letter-spacing-10 mb-3 text-center text-gold\">ALBERTO PUELLO<\/h2>\n                        <div class=\"last-p-mb-0 text-center text-gold\">\n                            \n<h3 class=\"wp-block-heading text-rg\">JEFE DE SALA<\/h3>\n\n                        <\/div>\n                       <\/div>\n                      <div class=\"col-md-3 mb-5 mb-md-0\">\n                        <img decoding=\"async\" class=\"d-block w-100 h-auto mb-4\" src=\"https:\/\/sublimerestaurante.com\/wp-content\/uploads\/2025\/10\/Sublime-Seccio\u2560un-Equipo_07.jpg\" \/>\n                        <h2 class=\"valky text-md letter-spacing-10 mb-3 text-center text-gold\">MELANIE CASTILLO<\/h2>\n                        <div class=\"last-p-mb-0 text-center text-gold\">\n                            \n<h3 class=\"wp-block-heading text-rg\">JEFA DE BARRAS<\/h3>\n\n                        <\/div>\n                       <\/div>\n                      \n                        <\/div>\n                    <\/div>\n                   \n","protected":false},"excerpt":{"rendered":"","protected":false},"author":1,"featured_media":0,"parent":0,"menu_order":0,"comment_status":"closed","ping_status":"closed","template":"","meta":{"footnotes":""},"class_list":["post-12","page","type-page","status-publish","hentry"],"_links":{"self":[{"href":"https:\/\/sublimerestaurante.com\/en\/wp-json\/wp\/v2\/pages\/12","targetHints":{"allow":["GET"]}}],"collection":[{"href":"https:\/\/sublimerestaurante.com\/en\/wp-json\/wp\/v2\/pages"}],"about":[{"href":"https:\/\/sublimerestaurante.com\/en\/wp-json\/wp\/v2\/types\/page"}],"author":[{"embeddable":true,"href":"https:\/\/sublimerestaurante.com\/en\/wp-json\/wp\/v2\/users\/1"}],"replies":[{"embeddable":true,"href":"https:\/\/sublimerestaurante.com\/en\/wp-json\/wp\/v2\/comments?post=12"}],"version-history":[{"count":3,"href":"https:\/\/sublimerestaurante.com\/en\/wp-json\/wp\/v2\/pages\/12\/revisions"}],"predecessor-version":[{"id":87,"href":"https:\/\/sublimerestaurante.com\/en\/wp-json\/wp\/v2\/pages\/12\/revisions\/87"}],"wp:attachment":[{"href":"https:\/\/sublimerestaurante.com\/en\/wp-json\/wp\/v2\/media?parent=12"}],"curies":[{"name":"wp","href":"https:\/\/api.w.org\/{rel}","templated":true}]}}

<div class="py-5">
                        <div class="row no-gutters py-md-5 align-items-center">
                            <div class="col-md-6 mb-4 mb-md-0 order-md-1">
                                <div class="container">
                                    <div class="row ">
                                        <div class="col-md-9 text-gold">
                                            <div class="pl-md-4">
                                                <h2 class="valky text-lg letter-spacing-10 mb-md-4 px-3 px-md-0">CHEF SERGIO DÍAZ</h2>
                                                <div class="last-p-mb-0 text-justify px-3 px-md-0">
                                                    
<h3 class="wp-block-heading">GASTRONOMÍA</h3>



<div style="height:15px" aria-hidden="true" class="wp-block-spacer"></div>



<p>Soñador, amante de la cocina y apasionado por la historia de su país.</p>



<p>El Chef Sergio Díaz cuenta con estudios realizados en Chile, experiencia en Barcelona y Estados Unidos. Lugares que despiertan en él el interés de volver a nuestro país a crear, innovar y poner en alto la gastronomía de una cultura milenaria.</p>



<p>En el año 2019 crea Sublime. Su principal inspiración para crear cada plato es la historia y el tiempo de la mano de la antropóloga Jocelyn Degollado.</p>



<p>A través de su gastronomía podemos descubrir sabores de cada rincón de nuestro país y viajar a través del tiempo escuchando la historia que, sin lugar a duda, hace despertar y contagiar orgullo guatemalteco.</p>

                                                </div>
                                            </div>
                                        </div>
                                    </div>
                                </div>
                            </div>
                            <div class="col-md-6 order-md-0">
                                <img decoding="async" class="d-block mw-100 h-auto mr-auto" src="https://sublimerestaurante.com/wp-content/uploads/2025/09/Sublime-PW-Parte-01_02.jpg" />
                            </div>
                        </div>
                    </div>
                    <div class="py-5">
                        <div class="row no-gutters py-md-5 align-items-center">
                            <div class="col-md-6 mb-4 mb-md-0 ">
                                <div class="container">
                                    <div class="row justify-content-end">
                                        <div class="col-md-9 text-gold">
                                            <div class="pr-md-4">
                                                <h2 class="valky text-lg letter-spacing-10 mb-md-4 px-3 px-md-0">JOCELYN DEGOLLADO</h2>
                                                <div class="last-p-mb-0 text-justify px-3 px-md-0">
                                                    
<h3 class="wp-block-heading">ANTROPOLOGÍA</h3>



<div style="height:15px" aria-hidden="true" class="wp-block-spacer"></div>



<p>Antropóloga social, mercadóloga y foodie de corazón.</p>



<p>Jocelyn Degollado cuenta con estudios realizados en las mejores universidades de Guatemala y ha participado en investigaciones de proyectos internacionales.</p>



<p>A finales del 2018 el Chef Sergio le comenta sobre su visión y la invita a ser parte de este proyecto que fusiona la historia y gastronomía de nuestro país.<br>Para Jocelyn, no hubo otra respuesta más que un &#8220;sí, acepto&#8221;. Así es como se unen estas dos mentes maestras para crear el primer restaurante de Guatemala en el que la historia es la inspiración y la gastronomía su interpretación.</p>

                                                </div>
                                            </div>
                                        </div>
                                    </div>
                                </div>
                            </div>
                            <div class="col-md-6 ">
                                <img decoding="async" class="d-block mw-100 h-auto ml-auto" src="https://sublimerestaurante.com/wp-content/uploads/2025/09/Sublime-Seccio╠un-Equipo_03.jpg" />
                            </div>
                        </div>
                    </div>
                    <div class="container-fluid mb-md-5">
                        <div class="form-row pb-md-5">
                            <div class="col-md-3 mb-5 mb-md-0">
                        <img decoding="async" class="d-block w-100 h-auto mb-4" src="https://sublimerestaurante.com/wp-content/uploads/2025/10/Sublime-Seccio╠un-Equipo_02.jpg" />
                        <h2 class="valky text-md letter-spacing-10 mb-3 text-center text-gold">DANIELA PAZ</h2>
                        <div class="last-p-mb-0 text-center text-gold">
                            
<h3 class="wp-block-heading text-rg">SOMMELIER</h3>

                        </div>
                       </div>
                      <div class="col-md-3 mb-5 mb-md-0">
                        <img decoding="async" class="d-block w-100 h-auto mb-4" src="https://sublimerestaurante.com/wp-content/uploads/2025/10/Sublime-Seccio╠un-Equipo_03.jpg" />
                        <h2 class="valky text-md letter-spacing-10 mb-3 text-center text-gold">LOURDES TOJÍN</h2>
                        <div class="last-p-mb-0 text-center text-gold">
                            
<h3 class="wp-block-heading text-rg">JEFA DE COCINA</h3>

                        </div>
                       </div>
                      <div class="col-md-3 mb-5 mb-md-0">
                        <img decoding="async" class="d-block w-100 h-auto mb-4" src="https://sublimerestaurante.com/wp-content/uploads/2025/10/Sublime-Seccio╠un-Equipo_05.jpg" />
                        <h2 class="valky text-md letter-spacing-10 mb-3 text-center text-gold">ALBERTO PUELLO</h2>
                        <div class="last-p-mb-0 text-center text-gold">
                            
<h3 class="wp-block-heading text-rg">JEFE DE SALA</h3>

                        </div>
                       </div>
                      <div class="col-md-3 mb-5 mb-md-0">
                        <img decoding="async" class="d-block w-100 h-auto mb-4" src="https://sublimerestaurante.com/wp-content/uploads/2025/10/Sublime-Seccio╠un-Equipo_07.jpg" />
                        <h2 class="valky text-md letter-spacing-10 mb-3 text-center text-gold">MELANIE CASTILLO</h2>
                        <div class="last-p-mb-0 text-center text-gold">
                            
<h3 class="wp-block-heading text-rg">JEFA DE BARRAS</h3>

                        </div>
                       </div>
                      
                        </div>
                    </div>
