{"id":283,"date":"2025-09-13T21:38:13","date_gmt":"2025-09-13T19:38:13","guid":{"rendered":"https:\/\/sublimerestaurante.com\/?post_type=sublime-menu&#038;p=283"},"modified":"2025-10-20T22:08:56","modified_gmt":"2025-10-20T20:08:56","slug":"interamericana","status":"publish","type":"sublime-menu","link":"https:\/\/sublimerestaurante.com\/en\/sublime-menu\/interamericana\/","title":{"rendered":"INTERAMERICANA"},"content":{"rendered":"\n<p>En 1969 se inaugura el tramo correspondiente a Guatemala de la Carretera Interamericana en la frontera con M\u00e9xico, brindando as\u00ed la libertad de movilizaci\u00f3n desde M\u00e9xico hasta El Salvador dentro del pa\u00eds<\/p>\n","protected":false},"excerpt":{"rendered":"<p>En 1969 se inaugura el tramo correspondiente a Guatemala de la Carretera Interamericana en la frontera con M\u00e9xico, brindando as\u00ed la libertad de movilizaci\u00f3n desde M\u00e9xico hasta El Salvador dentro del pa\u00eds<\/p>\n","protected":false},"featured_media":0,"parent":0,"menu_order":0,"template":"","sublime-menu-category":[5],"class_list":["post-283","sublime-menu","type-sublime-menu","status-publish","hentry","sublime-menu-category-menu-degustacion"],"_links":{"self":[{"href":"https:\/\/sublimerestaurante.com\/en\/wp-json\/wp\/v2\/sublime-menu\/283","targetHints":{"allow":["GET"]}}],"collection":[{"href":"https:\/\/sublimerestaurante.com\/en\/wp-json\/wp\/v2\/sublime-menu"}],"about":[{"href":"https:\/\/sublimerestaurante.com\/en\/wp-json\/wp\/v2\/types\/sublime-menu"}],"wp:attachment":[{"href":"https:\/\/sublimerestaurante.com\/en\/wp-json\/wp\/v2\/media?parent=283"}],"wp:term":[{"taxonomy":"sublime-menu-category","embeddable":true,"href":"https:\/\/sublimerestaurante.com\/en\/wp-json\/wp\/v2\/sublime-menu-category?post=283"}],"curies":[{"name":"wp","href":"https:\/\/api.w.org\/{rel}","templated":true}]}}

<p>En 1969 se inaugura el tramo correspondiente a Guatemala de la Carretera Interamericana en la frontera con México, brindando así la libertad de movilización desde México hasta El Salvador dentro del país</p>
